divided by 107?
58
Let r = 5 + 5. Calculate the remainder when r is divided by -9 - (8 + -22 + 3).
0
Let q = -58048 - -58577. Calculate the remainder when q is divided by -3 - -1 - (-2 + -38).
35
Suppose -86*z = -13*z - 14965. What is the remainder when 261 is divided by z?
56
What is the remainder when ((-153)/255)/(3/(-720)) is divided by 117?
27
Let g(y) = y + 13. Calculate the remainder when (-17)/(4/24*-6) is divided by g(-10).
2
Let x(i) = -i**3 - 12*i**2 + 25*i + 35. Let y be x(-17). Suppose 192 = 29*j - y. Let h = -417 + 586. Calculate the remainder when h is divided by j.
40
Let p = -16540 - -16711. What is the remainder when 491 is divided by p?
149
Let i(l) = 174*l - 790. What is the remainder when 93 is divided by i(5)?
13
Let f(b) = b**2 + 6*b + 4. Let z be (-20)/(-5) + 2 - 3. Suppose -z*o + 46 = -2*j + 4*j, -3*o - 5 = -j. Calculate the remainder when j is divided by f(-6).
1
Let g(j) = j**3 - 8*j**2 - 7*j + 4. Let z be g(11). Let k = -126 + z. What is the remainder when k is divided by 21?
17
Let g be 2/(-6)*-582 - -6. Suppose 5*v - 3*r + g = 9*v, v = -2*r + 45. What is the remainder when v is divided by 29?
24
Let j = 621 + -281. Suppose j = 21*n - 4154. What is the remainder when n is divided by 43?
42
Let g = 168 - 147. Let p = g + -10. Calculate the remainder when 16 is divided by p.
5
Let g = 53 + -94. Let w = g + 71. Suppose -10*p + 65 + 5 = 0. Calculate the remainder when w is divided by p.
2
Let s(m) = -4*m**2 - 5*m - 1. Let j be s(-4). Let h = 4294 + -4332. Let q = h - j. Calculate the remainder when 40 is divided by q.
5
Let r(k) = -3*k**3 - 7*k**2 - k + 7. Let h be r(-2). Suppose 0 = 2*j + 2*j - 88. What is the remainder when (-7 - -5)*(h - 59) is divided by j?
20
Let w(j) = -6 + j - 2*j**2 - 2*j - 4*j - 11*j. Let y(t) = -2*t**3 + 31*t**2 - 17*t + 23. Let u be y(15). Calculate the remainder when 22 is divided by w(u).
6
Suppose 150 = 2*a + 8*a. Suppose 3*j + a = 4*b + 4*j, -b + 3*j = 6. Suppose 5*o - 20 = b*o. What is the remainder when 15 is divided by o?
5
Let q(h) = 11*h**2 - 392*h - 1937. What is the remainder when q(-5) is divided by 8?
2
Suppose -7*y = -3*y - 472. Suppose 0 = 3*o - y - 8. Suppose u = -2*c + 17, 0 = c + 2*c - 3. What is the remainder when o is divided by u?
12
Suppose 0*p - 152 = -3*p - 4*h, 4*p + h = 207. What is the remainder when 460 is divided by p?
44
Let j(v) = -v**2 + 3*v + 140. Let x(i) = -i**3 + 17*i**2 - 2*i + 27. Calculate the remainder when j(0) is divided by x(0).
5
Suppose -2*j = -2*s + 224, -2*j = 3*s - 4*j - 341. Let z(v) = 3*v - 32. Let n be z(12). Calculate the remainder when s is divided by 2*(-15)/n*-4.
27
Let t = 793 + -777. Suppose -t*f - 4*m = -12*f - 84, 2*f + 3*m = 44. Calculate the remainder when 73 is divided by f.
16
Suppose -46*z + 1707 = -92685. What is the remainder when z is divided by 20?
12
Suppose 2*r - 3*v - 75 = 0, -4*r + 95 = -5*v - 54. Let t = r + 84. Let m = t + -68. What is the remainder when m is divided by 28?
24
Let t be (-1 - (-1)/2)/((-48)/(-384)). Calculate the remainder when 26 + 7 + 28/t is divided by 3.
2
Let t = -8883 - -8911. Let o(j) = -j**2 + 7*j + 10. Let v be o(8). Let a(d) = 4*d**2 - 2*d - 1. Calculate the remainder when t is divided by a(v).
6
Let g = -786 - -794. Calculate the remainder when 21 is divided by ((-30)/(-45))/((-1)/(-6)) + g.
9
Let p(y) be the second derivative of 5*y**3/6 - 20*y**2 - 41*y. Let b be p(10). Let d(h) = h + 29. What is the remainder when d(b) is divided by 20?
19
What is the remainder when -2 + (122/2 - 2) is divided by (189 + -182)/(4/3*7/32)?
9
Suppose -61*m + 29*m = -25*m - 112. Suppose -5*g = -5*v - 415, 0 = -0*g + 3*g - 2*v - 245. What is the remainder when g is divided by m?
15
Let t be ((-8)/24 + 1)/((-6)/(-9)) + 83. Let i = -10 - -14. Let l = t + i. What is the remainder when l is divided by 9?
7
Suppose 0 = -9*i - j + 22667, -2*j - 5046 = 5*i - 7*i. What is the remainder when i is divided by 105?
104
Let a = 316 + -259. What is the remainder when a is divided by (-5 - (-7 - -4)) + 17?
12
Suppose 2*x + 48 = 7*h - 2*h, 2*x - 2 = 0. Suppose 0 = -b + 2*b + h. Calculate the remainder when 218*(-5)/b - -1 is divided by 28.
26
Suppose 1895 = 3*q + 1238. What is the remainder when q is divided by 56?
51
Suppose 0 = -10*m + 21*m - 22. Suppose -o = m*v - 4*v + 46, -51 = -3*v - 3*o. What is the remainder when 57 is divided by v?
15
Let q(l) = 4*l**2 - 164*l + 1603. Suppose -t = 3*b + t - 311, 4*b - 408 = -t. What is the remainder when b is divided by q(16)?
2
Let b = -7777 + 7884. Calculate the remainder when b is divided by 27.
26
Let b(j) be the third derivative of 1/24*j**4 + 18*j**2 + 0 + 1/60*j**5 + 0*j + 3/2*j**3. Calculate the remainder when 58 is divided by b(3).
16
Let t(p) = 13*p + 90. Let o be t(-7). Calculate the remainder when 215 is divided by (-2 - (-4 + 38))/o.
35
Suppose 0 = 7*b + 519 - 498. Let d(a) = 19*a + 57. Let k(n) = 29*n + 86. Let s(h) = 8*d(h) - 5*k(h). What is the remainder when s(b) is divided by 1?
0
Suppose -193*b + 27*b + 89806 = 0. What is the remainder when b is divided by 126?
37
Suppose 3*k + 5*f + 57 = 0, 5*k + 0*f - 2*f + 126 = 0. What is the remainder when 1/(0 - (-1)/161) is divided by (-2320)/(-56) - k/(-56)?
38
Let u(s) = 27*s**2 + 6*s + 4. Let v be u(-1). Suppose 3*d = v + 11. Calculate the remainder when 912/d + 2*-2 is divided by 37.
35
Let p = -210 + 215. Suppose 4*b - 65 = -p*g, -2*b = -3*b - 5. Calculate the remainder when g is divided by 6.
5
Let w = 11572 + -11433. What is the remainder when 147 is divided by w?
8
Let v be 116*(-4)/(-8) - (1 + 1). Let a = v + -43. Suppose 0 = -a*p - 16 + 510. Calculate the remainder when 147 is divided by p.
33
Let q = -13219 - -13421. What is the remainder when 2219 is divided by q?
199
Let t be ((-2844)/(-30))/(2/5). Suppose -2*o - t + 35 = 0. Let v = o - -140. Calculate the remainder when v is divided by 5.
4
Let o = -178 + 181. Suppose 3*q - 3*v = 21, 8*q = 3*q + 3*v + 39. Suppose 12*s = q*s + 105. What is the remainder when s is divided by o?
2
Let k = -1017 + 1085. Suppose 0 = -3*s - 180 + 39. Let h = k + s. What is the remainder when 36 is divided by h?
15
What is the remainder when (-28*45/60)/((-3)/23) is divided by 33?
29
Let i(o) = -o**2 + 11*o - 3. Suppose 3*s + 62 = 5*r - r, -4*r = s - 6. Let n = 23 + s. Calculate the remainder when 88 is divided by i(n).
13
Suppose 429 + 3752 = 37*q. What is the remainder when 6779 is divided by q?
112
Suppose -90 = 20*d - 25*d. Suppose -366 = -d*y + 336. What is the remainder when 226 is divided by y?
31
Suppose z + 4*w = 99, 99 = 5*z - 4*w - 444. Suppose 5*c - 4*f = 192, 2*c + 1235*f - 1239*f = 84. Calculate the remainder when z is divided by c.
35
Let w be 5546/(-10) + 99/165. Let b = 606 + w. What is the remainder when b is divided by 13?
0
Suppose -19*u = -9*u - 6*u - 2212. What is the remainder when u is divided by 139?
136
Let a(i) = 2*i**2 - 17*i + 110. Let u be a(11). Let y = 170 - u. Calculate the remainder when 11 is divided by y.
1
Suppose -12 = 6*i - 8*i, 2*i + 1110 = 6*g. What is the remainder when g is divided by 83?
21
Let a(c) = 116*c + 10101. What is the remainder when 589 is divided by a(-87)?
4
Calculate the remainder when 6/4*(-2)/(-6)*(274 + -94) is divided by 41.
8
Let q(l) = l + 8. Let s be q(-8). Suppose s = -5*i + o + 74, 5*i - 4*o - 82 = -o. What is the remainder when i is divided by -11 - -8 - (-7 - 1)?
4
Let c(y) = -5*y + 48. Let o be c(8). Suppose o*g + 0*g = 240. What is the remainder when 592/6*(-6)/(-4) is divided by g?
28
Let v be 8/((-64)/56)*-17. Suppose 54*o = 47*o + v. Calculate the remainder when (-4)/(-8) - 186/(-4) is divided by o.
13
Suppose -5*g + 100 = -3*g. Suppose 0 = -2*t - 11*t + 1261. Calculate the remainder when t is divided by g.
47
Suppose 0 = -4*f - 5*f + 1197. What is the remainder when 795 is divided by f?
130
Let j = 257 - 168. Suppose -w + 4 = 0, -j = -s - w + 7. Calculate the remainder when s is divided by 19.
16
Suppose 20 = 5*c - 2*w, -4*c + 16 = -0*c + 4*w. Suppose -u - 74 = -3*u + c*x, 0 = 4*u + 3*x - 115. Calculate the remainder when 89 is divided by u.
27
Suppose 53*l = q + 52*l - 222, 5*q = -l + 1128. Let m(n) = 21*n**2. Calculate the remainder when q is divided by m(1).
15
Let w(o) = 18*o**3 - 9*o**2 + 2*o - 22. Let 